539. Let g = h - 228. Is g prime?
False
Let t = 395 + 340. Let y = t + 56. Is y a prime number?
False
Suppose -2 = 2*u - 4. Let k(i) = 4*i. Let v be k(u). Suppose -5*h = -6*t + v*t - 1203, 0 = -5*h - 4*t + 1179. Is h a composite number?
False
Is (-9)/((-72)/40636)*2 composite?
False
Let p be 8 - 8 - (-7)/1. Suppose 4*v + 2*m - 182 = p*m, 2*m - 211 = -5*v. Suppose 127 = 4*y + v. Is y a prime number?
False
Suppose r - 5*y + 4 - 25 = 0, -5*r = 5*y - 45. Let k = -12 + r. Is (26/(-4))/(k/14) a composite number?
True
Suppose 10*x + 268392 = 914302. Is x composite?
False
Suppose 0*p = -4*p - 3916. Let c be (500/16)/((-2)/32). Let j = c - p. Is j prime?
True
Let o = 123 + 310. Let t = -142 + o. Is t prime?
False
Let w be -1 - (-12)/(-3 + 6). Let l = w + 2. Suppose 0 = o - l*f - 28, 0*o - 2*f = -5*o + 255. Is o prime?
True
Let r = 193 + 41. Let z be (59/2)/(2/76). Let o = z - r. Is o a prime number?
True
Let i = -21 - -26. Suppose -3*y + 0*g = 4*g - 5261, i*y - 8749 = 3*g. Suppose 3*j - 3*v - 1560 + 258 = 0, 4*j - y = v. Is j a prime number?
True
Suppose 4*a - 112 = b - 0*b, 0 = 5*b - 20. Suppose 0 = 13*r + 8*r - 2142. Suppose -4*w + 205 = 3*i, -2*i + a + r = -3*w. Is i a prime number?
True
Let u(b) = 13*b**3 - b**2 + 6*b - 2. Let j be u(3). Suppose -5*z + z = 420. Let h = j + z. Is h a composite number?
True
Let k be (-15)/5*(1 - 2). Suppose 4*b - 1320 = -y - k*y, -1319 = -4*b - 3*y. Is b prime?
False
Suppose -5*l - 641 = m - 2081, 2*m - 584 = -2*l. Suppose -2*k = -2*j - 7*k + l, 5*k = 2*j - 237. Is j prime?
True
Let g = 1490 + -879. Is g composite?
True
Suppose 4*z + 3*t = 51121, -z + 5*z - 51120 = -4*t. Is z composite?
False
Let b = 164 + -97. Let q = 126 - b. Is q a composite number?
False
Let r(z) = z**3 + 12*z**2 - 13*z + 1. Let m be r(-13). Let j be -2 - (1 + -7 + m). Suppose -170 = -4*i + j*q - 26, -13 = -i - 5*q. Is i prime?
False
Let v(l) = 33*l**2 - 6*l + 18. Let n be v(5). Suppose 2*z + w - n = 121, -2*w - 8 = 0. Is z a prime number?
False
Is 271194/(-99)*(-6)/4 a composite number?
True
Suppose 7*w - 2659 = 2360. Is w a composite number?
True
Suppose 1154397 - 385932 = 45*o. Is o a prime number?
True
Let m(k) = 810*k + 1. Let h be m(-1). Let a = h + 1732. Is a a prime number?
False
Suppose 0 = -6*y + 7*y. Suppose -3*a + a - 30 = y. Is (a + 130)*(0 + 1) prime?
False
Suppose 3*w + 12 = -w. Let y be (-1)/(w/(-117)) + -3. Let s = 203 + y. Is s composite?
True
Let t = 35313 - 19019. Is t composite?
True
Let d(r) = 22*r + 13. Let y = -7 - -10. Let h be 8/4 + 8 + y. Is d(h) prime?
False
Let p be (-2)/3 + (-20)/(-3). Let j = -6 + p. Suppose -n - 4*n + 295 = j. Is n composite?
False
Suppose 0 = -5*g + 19 + 1. Is (g + -49 + 4)/(1/(-3)) a prime number?
False
Let w be 5 - (-2)/(-10)*0. Suppose -w*d = -d - 4652. Is d prime?
True
Let p be 1/(((-2)/16)/(-1)). Suppose 1312 + 568 = p*k. Is k a prime number?
False
Let q(c) = 192*c**2 - 2*c - 1. Let v(j) = -2*j + 2. Let y be v(0). Is q(y) prime?
False
Suppose -h = -2*a + 3*h + 12, -3*a + 5*h = -17. Suppose 15447 = 5*s - a*z, -4*s - 15463 = -9*s - 4*z. Is s a prime number?
False
Let b(p) = -1. Let z(a) = 45*a + 7. Let q(t) = -6*b(t) - z(t). Is q(-6) composite?
False
Let i = -2386 - -5163. Is i a prime number?
True
Let a(y) = 181*y**2 - 13*y + 3. Let v be a(-7). Let f = 15396 - v. Is f a prime number?
False
Let y(w) = 5*w**2 + 2*w + 19. Suppose 8*m - 36 + 100 = 0. Is y(m) a prime number?
False
Let g(d) = 5535*d**2 + 2*d - 3. Is g(2) composite?
True
Let h = 12 + -18. Let a be ((-6)/(-7))/(h/(-28)). Suppose 0 = 3*i - k + a*k - 228, 4*i = -2*k + 294. Is i composite?
False
Suppose 0 = 3*t - 2*s + 127 - 17, -t + 4*s = 50. Let w = t - -33. Is 825/22 - w/(-2) a composite number?
False
Let j = -294508 - -172919. Is j/(-117) + 4/(-18) a prime number?
True
Let k = 398 + -209. Let w = k + -26. Is w prime?
True
Let y = -5386 + 7767. Suppose y = -3*s - 4147. Is s/(-24) - (-1)/3 a composite number?
True
Let j(p) = p**3 + 3*p**2 - 7*p - 8. Let r be j(-4). Suppose -5*a = -r*a - 367. Is a prime?
True
Suppose -11*n - 1882 = -13*n. Is n a composite number?
False
Let w(v) = -2*v**2 + 5*v + 46. Let s be w(-9). Suppose -5*x = 4*r - 559, -418 = r - 4*r - 4*x. Let q = r - s. Is q composite?
False
Let m = 314 - -877. Is m prime?
False
Let r(a) be the third derivative of 7*a**5/30 - 5*a**4/12 - 3*a**3 + 13*a**2. Is r(-5) prime?
False
Let d = 1 - 1. Suppose 9*f - 13*f = d. Suppose -c + f*c + 77 = 0. Is c composite?
True
Let j(w) = -6*w + 3 + 5 + 7*w**2 - w**3 - 4 + 0. Let c be j(6). Suppose -2*h - 3*h - 5*s = -505, -408 = -c*h - 5*s. Is h prime?
True
Let o(d) = -443*d - 3. Let t be o(-2). Suppose -j - 636 = -3*j. Let n = t - j. Is n a prime number?
False
Suppose -b = -449 - 506. Is b composite?
True
Suppose 0 = 3*j - 582 - 3267. Is j prime?
True
Suppose a = -5, -8*x + 3*x = -5*a - 2115. Suppose 0 = -3*r - g + x, 194 = 2*r + 3*g - 87. Is r a composite number?
False
Let k(m) be the first derivative of 209*m**2 + 5*m + 2. Is k(3) composite?
False
Let m(p) be the first derivative of 34*p**3/3 - 17*p**2/2 - 6*p + 12. Let i be m(-7). Is i/9 + 4/3 composite?
False
Let x(h) be the second derivative of 379*h**4/6 - h**3/2 - h**2/2 - 14*h. Is x(-2) a composite number?
False
Is (-12994 + 0)*((-54)/12)/9 a composite number?
True
Let i = -12347 - -54240. Is i prime?
True
Let g = 31 + -19. Let p(i) = 700*i - 89. Is p(g) prime?
True
Suppose 7*g - 17312 = 94485. Is g prime?
True
Suppose -27*b + 226579 = -120074. Is b composite?
True
Let f(k) = 12*k**3 + 9*k**2 + 6*k - 5. Let y be f(10). Suppose 5*n + 110 + y = 5*j, -3*n + 2597 = j. Is j a prime number?
True
Let s(k) = -2*k**3 + k**2 + 5. Let t be s(0). Suppose t*n + q + 2*q = 1033, -n - 2*q + 208 = 0. Is n a prime number?
False
Suppose 29*v + 109085 = 34*v. Is v a composite number?
False
Let q(h) = -23272*h - 37. Is q(-3) a composite number?
False
Suppose 3*n = 1813 + 2852. Suppose -310*o + 306*o = -12. Suppose 0 = o*m + 2*m - n. Is m a prime number?
True
Suppose 18*m = 9798 + 2316. Is m a composite number?
False
Suppose 0 = -7*x - 13952 + 74495. Suppose 14*j = -x + 52315. Is j composite?
False
Let b(u) = -11*u**2 - 2*u + 11677. Is b(0) composite?
False
Is 311 + ((0 - -1)*3 - 7) composite?
False
Let w be -6 + 6 + 1*6. Suppose -w*a + 3 + 9 = 0. Suppose -a*d + 846 = 344. Is d prime?
True
Suppose -10*i - 35 + 95 = 0. Suppose -q + 782 = 5*a, a + 794 = i*a - 3*q. Is a prime?
True
Suppose x - 5*b = -16, b - 24 = -7*x + 2*x. Let h be 4 - 1/2*x. Suppose -h*l - l + 195 = 0. Is l a composite number?
True
Let k(q) = q**3 - 5*q**2 - 7*q - 2. Let m be k(6). Is 8*(-212)/m + -1 a prime number?
True
Let l = -888 + 1894. Is 1*(-1)/(-2)*l composite?
False
Let n = -190 + 312. Suppose -n*g = -119*g - 2661. Is g prime?
True
Let u(o) be the third derivative of 467*o**5/60 - 5*o**4/24 + 5*o**3/6 - 5*o**2. Is u(3) a composite number?
True
Let t(w) = -w**2 - 12*w + 9. Let y be t(-12). Suppose -12*a = -y*a - 9279. Is a a composite number?
True
Let v = 227 - -1219. Suppose -f + v = 2*f. Suppose 4*n = 4*o - 512, -5*o + o + f = 2*n. Is o a prime number?
False
Let h(o) be the first derivative of -o**3/3 - 11*o**2/2 + 3*o + 19. Is h(-9) a prime number?
False
Suppose 5*k = v + 27, -7*k + 4*v = -4*k - 6. Let o(g) = 2*g - 5. Let w be o(k). Let l(s) = 2*s - 3. Is l(w) prime?
True
Let h be (1 - -10)/(4/(-168)). Let z = h - -1369. Is z composite?
False
Let r = -92 - -83. Let u(f) = -17*f + 25. Is u(r) a composite number?
True
Let v(b) = -5*b**3 + 12*b**2 + 23*b + 6. Let n be v(-11). Suppose -3*t + z + 11821 = 0, -5*z - 12 = -2*t + n. Is t composite?
True
Is (-4)/7 + (-45273)/(-7) composite?
True
Suppose 703 = g + 2484. Let u = g + 2974. Is u a prime number?
True
Let s be ((1 + -1)/5)/2. Suppose r + s*r = 4*y - 359, 3*y + 3*r = 288. Is y composite?
True
Let b = 24 - 21. Let x = 10 - 17. Is b - 584/(x + 3) prime?
True
Suppose -6*r + 17 = -37. Let t(j) be the second derivative of 3*j**3 + j**2/2 + j. Is t(r) prime?
True
Let t(f) = -3*f + 4. Let b be t(-4). Let c = b + -5. Suppose 2*m - 123 - c = 0. Is m a prime number?
True
Let v be (0 + 0)/(0 + -2). Let c(y) = -y**3 - y**2 + y - 52. Let f be c(v). Let b = 37 - f. Is b composite?
False
Let n(m) = 2*m**3 - 14*m**2 - 17*m - 8. Let y be n(13). Suppose -2*h = b + 353 - 1069, -y = -5*h + 2*b.